21
In base 3, what is -1 + -210200101012?
-210200101020
In base 3, what is 1011221202 + 11?
1011221220
In base 11, what is 22 + -2019?
-1aa7
In base 15, what is -cb - ee?
-1ca
In base 10, what is 608 - 567?
41
In base 14, what is 3448 - 305?
3143
In base 3, what is -20012000211 + 11?
-20012000200
In base 3, what is 200000011 - -122?
200000210
In base 13, what is 18 - 1386?
-136b
In base 9, what is -4 + -535170?
-535174
In base 15, what is 982 + -4?
97d
In base 7, what is -1223 - -3605?
2352
In base 3, what is 22000220 + 10221?
22011211
In base 4, what is 1230 - -203131?
211021
In base 9, what is -3 - -1411623?
1411620
In base 7, what is -1 - -600013?
600012
In base 2, what is 10010 - -100010110001?
100011000011
In base 7, what is -10331254 - 1?
-10331255
In base 3, what is -12 + -111010220022?
-111010220111
In base 2, what is 11000110001 - -101?
11000110110
In base 15, what is -3 - 7adca?
-7adcd
In base 9, what is -13 - 5185?
-5208
In base 13, what is 2 - -196bc?
196c1
In base 10, what is -244003 + 3?
-244000
In base 16, what is 2404 - -3?
2407
In base 4, what is 22 + 112030?
112112
In base 10, what is -11 - -14689?
14678
In base 14, what is 1b3a - 14d?
19cb
In base 12, what is 8798 - -5?
87a1
In base 15, what is 4ebe + 3?
4ec2
In base 16, what is -24 + -8e7?
-90b
In base 16, what is -2890f + 3?
-2890c
In base 14, what is d2 - -6b?
15d
In base 7, what is 1021132 - 2?
1021130
In base 15, what is 8 - 6ad5a?
-6ad52
In base 7, what is 5 + 112460?
112465
In base 4, what is 30213210 + 0?
30213210
In base 15, what is 26 - 15be?
-1598
In base 8, what is 276 - -12353?
12651
In base 7, what is 55631 + 41?
56002
In base 4, what is -132310 + 33131?
-33113
In base 5, what is -2044203 - 4?
-2044212
In base 2, what is -100010111000011101 + -101?
-100010111000100010
In base 14, what is -7 + -80b5d?
-80b66
In base 4, what is -302232132 - -1?
-302232131
In base 10, what is -28478 + -4?
-28482
In base 10, what is 1087 + -13?
1074
In base 2, what is 1 - -110010110100000100?
110010110100000101
In base 14, what is 3 - -11bd6?
11bd9
In base 10, what is 136 + 5598?
5734
In base 4, what is -2110211 + -12?
-2110223
In base 2, what is -10001000001001101101 - -11?
-10001000001001101010
In base 12, what is -26215b + -3?
-262162
In base 9, what is -82668 - -1?
-82667
In base 9, what is -1 - -15114?
15113
In base 4, what is 132222001 + 3?
132222010
In base 11, what is -3a73 + 3?
-3a70
In base 8, what is -12447 + 473?
-11754
In base 13, what is 1 - 18895?
-18894
In base 10, what is 2 - -48033?
48035
In base 2, what is 1000 - 110100101110010?
-110100101101010
In base 7, what is -1031 + -44?
-1105
In base 11, what is 895 + -25?
870
In base 6, what is -310 + 324?
14
In base 5, what is -2330 + -13400?
-21230
In base 8, what is -167440 - -2?
-167436
In base 11, what is -1600 + -5a?
-165a
In base 4, what is -1222103320 - 3?
-1222103323
In base 16, what is d - 3f5e?
-3f51
In base 11, what is -87 + 29755?
29679
In base 10, what is -13304 + -8?
-13312
In base 5, what is 10 - -11341130?
11341140
In base 8, what is 22755 + -11?
22744
In base 3, what is 0 - -1120022202?
1120022202
In base 4, what is 2110 + 11333330?
12002100
In base 14, what is -1b98 + -2?
-1b9a
In base 6, what is 330001 + 102?
330103
In base 15, what is -a + 58?
4d
In base 6, what is 14 + 115541?
115555
In base 8, what is 2724 - 2214?
510
In base 12, what is -a75 - -38?
-a39
In base 13, what is 6551 - cc?
6452
In base 12, what is 3 - -31139?
31140
In base 16, what is -c6de4 - 3?
-c6de7
In base 11, what is -34a47 - 40?
-34a87
In base 4, what is 10 - 1233332?
-1233322
In base 4, what is 10 + 1120020102?
1120020112
In base 14, what is 2 + -3ad0?
-3acc
In base 14, what is 2247 - 5d?
21c8
In base 11, what is 52 - -138?
18a
In base 2, what is 0 + 10110101100101111?
10110101100101111
In base 8, what is -2 + 113555?
113553
In base 10, what is 175 - 1103?
-928
In base 16, what is 3 + -3b43?
-3b40
In base 12, what is 21368 + -2?
21366
In base 11, what is a231 + -1?
a230
In base 3, what is -10 + -1212112?
-1212122
In base 10, what is 5 - -32007?
32012
In base 9, what is 5231 + -5?
5225
In base 14, what is -364 + 1b?
-347
In base 9, what is 11115 + 104?
11220
In base 10, what is 44 - -345?
389
In base 15, what is 5 - a39e8?
-a39e3
In base 11, what is -11a81 + -1?
-11a82
In base 2, what is -111111101 + -11000111?
-1011000100
In base 12, what is 14 - -17773?
17787
In base 3, what is -11 + -112210202?
-112210220
In base 4, what is 212312200 + 1?
212312201
In base 15, what is 432 + 43?
475
In base 13, what is -5 + -b5a9?
-b5b1
In base 2, what is -11000011011011110 - -11?
-11000011011011011
In base 12, what is 1ba2 + 141?
2123
In base 6, what is -11134 - -3343?
-3351
In base 12, what is -21 + 7923?
7902
In base 12, what is -14450b + 0?
-14450b
In base 10, what is -9 - -669?
660
In base 15, what is -6 - ae6?
-aec
In base 12, what is 1 - 1a8559?
-1a8558
In base 5, what is -13 + -34002001?
-34002014
In base 5, what is 31 + -3330024?
-3324443
In base 13, what is -12 - -7510?
74cb
In base 8, what is -6 - -50527?
50521
In base 2, what is 1000000100001001 - 0?
1000000100001001
In base 14, what is 1488 - 3?
1485
In base 15, what is 48 - 6349?
-6301
In base 16, what is 21 + -d0e?
-ced
In base 6, what is 3043 + 212?
3255
In base 11, what is 3 + 712877?
71287a
In base 3, what is -2 - -1201100102?
1201100100
In base 16, what is -22 - -7827?
7805
In base 8, what is -320 + 2?
-316
In base 12, what is -770 + 8a?
-6a2
In base 15, what is 81bc9 + -1?
81bc8
In base 2, what is -1001110111 + -110?
-1001111101
In base 7, what is 5563 - 1023?
4540
In base 9, what is -3857 + 2?
-3855
In base 7, what is 6 + -12230331?
-12230322
In base 10, what is 5 - -236642?
236647
In base 13, what is -18 - -c8ca?
c8b2
In base 9, what is 88035 + 21?
88056
In base 6, what is 1 + -21350?
-21345
In base 4, what is 103312 + 132?
110110
In base 2, what is 100 - -10111000110011?
10111000110111
In base 9, what is -5 - 10050?
-10055
In base 12, what is -221b + 5?
-2216
In base 16, what is 3 + 1e2da?
1e2dd
In base 12, what is 136 - 195a?
-1824
In base 4, what is 3032003 - -3311?
3101320
In base 15, what is 1596 + 14?
15aa
In base 10, what is -1 - 1943?
-1944
In base 4, what is -111030 + -33122?
-210212
In base 3, what is -12222 + -1222102?
-2012101
In base 12, what is -441 - 27?
-468
In base 13, what is 40a4 - 3?
40a1
In base 2, what is 11010001001101011101 + -100?
11010001001101011001
In base 12, what is -5 - -189823?
18981a
In base 5, what is 1143020 - 4?
1143011
In base 10, what is 1835560 + -3?
1835557
In base 5, what is 10 + -34001424?
-34001414
In base 10, what is -5 - 35024?
-35029
In base 13, what is 15829 + -4?
15825
In base 12, what is a25 + 7a?
aa3
In base 15, what is 6 - a16c?
-a166
In base 10, what is -6518 - -94?
-6424
In base 8, what is -11060 - -67?
-10771
In base 4, what is -3113320 + 0?
-3113320
In base 4, what is 320 - -20333?
21313
In base 2, what is -1001101 - 100100110101000?
-100100111110101
In base 4, what is -131210 + -101?
-131311
In base 10, what is 4 + 4528?
4532
In base 14, what is -26793 + -5?
-26798
In base 2, what is -111110000100100 - -111001?
-111101111101011
In base 15, what is -1 - -2e277?
2e276
In base 13, what is 394 + 264?
628
In base 12, what is -8683b + 1?
-8683a
In base 16, what is -2fb - 0?
-2fb
In base 12, what is 2 - 29b02?
-29b00
In base 12, what is 0 - 206a3?
-206a3
In base 16, what is 7 + 11df1?
11df8
In base 2, what is 10001001000 - -11100000?
10100101000
In base 9, what is -3 - 45255?
-45258
In base 9, what is 5 + -181022?
-181016
In base 12, what is 354934 + -5?
35492b
In base 8, what is 5 - -371463?
371470
In base 13, what is b29 - 150?
9a9
In base 11, what is -758 + -12a?
-887
In base 10, what is 224352 + -1?
224351
In base 2, what is -100101100 - 10101110?
-111011010
In base 9, what is 568 + 6713?
7382
In base 8, what is -1622 + -7?
-1631
In base 8, what is 347 + 165?
534
In base 12, what is -a7 + -258?
-343
In base 16, what is b1 + -a8?
9
In base 10, what is 1248 + 10?
1258
In base 16, what is -16d4 + 6?
-16ce
In base 3, what is -2002 + -2121010?
-2200012
In base 14, what is -a3 + -c70?
-d33
In base 12, what is -103531 - 1?
-103532
In base 9, what is 365 + -41?
324
In base 4, what is -10302 - 100221?
-111123
In base 15, wha